{"id":1105,"date":"2020-11-25T08:17:51","date_gmt":"2020-11-25T07:17:51","guid":{"rendered":"https:\/\/www.schaum-feuerloescher.ch\/?page_id=1105"},"modified":"2020-11-25T16:45:14","modified_gmt":"2020-11-25T15:45:14","slug":"haushalts-schaum-feuerloescher-2-liter","status":"publish","type":"page","link":"https:\/\/www.schaum-feuerloescher.ch\/index.php\/einsatzmoeglichkeiten\/haushalts-feuerloescher\/haushalts-schaum-feuerloescher-2-liter\/","title":{"rendered":"Schaum-Feuerl\u00f6scher 2 Liter f\u00fcr den Haushalt"},"content":{"rendered":"<div data-colibri-id=\"1105-c1\" class=\"style-536 style-local-1105-c1 position-relative\">\n  <!---->\n  <div data-colibri-component=\"section\" data-colibri-id=\"1105-c2\" id=\"custom-3\" class=\"h-section h-section-global-spacing d-flex align-items-lg-center align-items-md-center align-items-center style-549 style-local-1105-c2 position-relative\">\n    <!---->\n    <!---->\n    <div class=\"h-section-grid-container h-section-boxed-container\">\n      <!---->\n      <div data-colibri-id=\"1105-c3\" class=\"h-row-container gutters-row-lg-2 gutters-row-md-2 gutters-row-0 gutters-row-v-lg-2 gutters-row-v-md-2 gutters-row-v-2 style-550 style-local-1105-c3 position-relative\">\n        <!---->\n        <div class=\"h-row justify-content-lg-center justify-content-md-center justify-content-center align-items-lg-stretch align-items-md-stretch align-items-stretch gutters-col-lg-2 gutters-col-md-2 gutters-col-0 gutters-col-v-lg-2 gutters-col-v-md-2 gutters-col-v-2\">\n          <!---->\n          <div class=\"h-column h-column-container d-flex h-col-lg-auto h-col-md-auto h-col-auto style-551-outer style-local-1105-c4-outer\">\n            <div data-colibri-id=\"1105-c4\" class=\"d-flex h-flex-basis h-column__inner h-px-lg-2 h-px-md-2 h-px-2 v-inner-lg-2 v-inner-md-2 v-inner-2 style-551 style-local-1105-c4 position-relative\">\n              <!---->\n              <!---->\n              <div class=\"w-100 h-y-container h-column__content h-column__v-align flex-basis-100 align-self-lg-start align-self-md-start align-self-start\">\n                <!---->\n                <div data-colibri-id=\"1105-c5\" class=\"d-block style-552 style-local-1105-c5 position-relative h-element\">\n                  <!---->\n                  <div class=\"h-image__frame-container-outer\">\n                    <div class=\"h-image__frame-container\">\n                      <!---->\n                      <!---->\n                      <img loading=\"lazy\" decoding=\"async\" width=\"1707\" height=\"2560\" src=\"https:\/\/www.schaum-feuerloescher.ch\/wp-content\/uploads\/2020\/11\/cropped-S-2-JM-Bio-13-super-1-scaled-1.jpg\" class=\"wp-image-1122 style-552-image style-local-1105-c5-image\" alt=\"Schaum-Feuerl\u00f6scher 2 Liter\" srcset=\"https:\/\/www.schaum-feuerloescher.ch\/wp-content\/uploads\/2020\/11\/cropped-S-2-JM-Bio-13-super-1-scaled-1.jpg 1707w, https:\/\/www.schaum-feuerloescher.ch\/wp-content\/uploads\/2020\/11\/cropped-S-2-JM-Bio-13-super-1-scaled-1-200x300.jpg 200w, https:\/\/www.schaum-feuerloescher.ch\/wp-content\/uploads\/2020\/11\/cropped-S-2-JM-Bio-13-super-1-scaled-1-683x1024.jpg 683w, https:\/\/www.schaum-feuerloescher.ch\/wp-content\/uploads\/2020\/11\/cropped-S-2-JM-Bio-13-super-1-scaled-1-768x1152.jpg 768w, https:\/\/www.schaum-feuerloescher.ch\/wp-content\/uploads\/2020\/11\/cropped-S-2-JM-Bio-13-super-1-scaled-1-1024x1536.jpg 1024w, https:\/\/www.schaum-feuerloescher.ch\/wp-content\/uploads\/2020\/11\/cropped-S-2-JM-Bio-13-super-1-scaled-1-1366x2048.jpg 1366w\" sizes=\"auto, (max-width: 1707px) 100vw, 1707px\" \/>\n                      <div class=\"h-image__frame h-hide-lg h-hide-md h-hide-sm style-552-frameImage style-local-1105-c5-frameImage\"><\/div>\n                    <\/div>\n                  <\/div>\n                <\/div>\n              <\/div>\n            <\/div>\n          <\/div>\n        <\/div>\n      <\/div>\n      <div data-colibri-id=\"1105-c28\" class=\"h-row-container gutters-row-lg-2 gutters-row-md-2 gutters-row-0 gutters-row-v-lg-2 gutters-row-v-md-2 gutters-row-v-2 style-556 style-local-1105-c28 position-relative\">\n        <!---->\n        <div class=\"h-row justify-content-lg-center justify-content-md-center justify-content-center align-items-lg-stretch align-items-md-stretch align-items-stretch gutters-col-lg-2 gutters-col-md-2 gutters-col-0 gutters-col-v-lg-2 gutters-col-v-md-2 gutters-col-v-2\">\n          <!---->\n          <div class=\"h-column h-column-container d-flex h-col-lg-auto h-col-md-auto h-col-auto style-557-outer style-local-1105-c29-outer\">\n            <div data-colibri-id=\"1105-c29\" class=\"d-flex h-flex-basis h-column__inner h-px-lg-2 h-px-md-2 h-px-2 v-inner-lg-2 v-inner-md-2 v-inner-2 style-557 style-local-1105-c29 position-relative\">\n              <!---->\n              <!---->\n              <div class=\"w-100 h-y-container h-column__content h-column__v-align flex-basis-100 align-self-lg-start align-self-md-start align-self-start\">\n                <!---->\n                <div data-colibri-id=\"1105-c30\" class=\"h-text h-text-component style-559 style-local-1105-c30 position-relative h-element\">\n                  <!---->\n                  <!---->\n                  <div class=\"\">\n                    <p>Made in Deutschland bei Jockel\n                      <br>Sehr gute L\u00f6schleistung\n                      <br>Geeignet f\u00fcr feste, glutbildende und fl\u00fcssige bzw. fl\u00fcssig werdende Stoffe\n                      <br>Preiswerter L\u00f6schmitteltausch\n                      <br>Optimale Handhabung\n                      <br>Einheitliches Bedienungskonzept\n                      <br>Hochleistungsl\u00f6schmittel\n                      <br>Froststicher<\/p>\n                  <\/div>\n                <\/div>\n              <\/div>\n            <\/div>\n          <\/div>\n          <div class=\"h-column h-column-container d-flex h-col-lg-auto h-col-md-auto h-col-auto style-558-outer style-local-1105-c31-outer\">\n            <div data-colibri-id=\"1105-c31\" class=\"d-flex h-flex-basis h-column__inner h-px-lg-2 h-px-md-2 h-px-2 v-inner-lg-2 v-inner-md-2 v-inner-2 style-558 style-local-1105-c31 position-relative\">\n              <!---->\n              <!---->\n              <div class=\"w-100 h-y-container h-column__content h-column__v-align flex-basis-100 align-self-lg-start align-self-md-start align-self-start\">\n                <!---->\n                <div data-colibri-id=\"1105-c32\" class=\"h-text h-text-component style-560 style-local-1105-c32 position-relative h-element\">\n                  <!---->\n                  <!---->\n                  <div class=\"\">\n                    <p>Gezielte L\u00f6schmitteldosierung\n                      <br>Kunststoffarmatur\n                      <br>Einfach zu bet\u00e4tigen\n                      <br>Gut gekennzeichnete Bedienelemente\n                      <br>Ergonomischer Handgriff\n                      <br>Drehbar in Halterung\n                      <br>Komfortable Aufbewahrung\n                      <br>Schnelle Betriebsbereitschaft\n                      <br>Stabiler Drahthalter<\/p>\n                  <\/div>\n                <\/div>\n              <\/div>\n            <\/div>\n          <\/div>\n          <div class=\"h-column h-column-container d-flex h-col-lg-auto h-col-md-auto h-col-auto style-561-outer style-local-1105-c33-outer\">\n            <div data-colibri-id=\"1105-c33\" class=\"d-flex h-flex-basis h-column__inner h-px-lg-2 h-px-md-2 h-px-2 v-inner-lg-2 v-inner-md-2 v-inner-2 style-561 style-local-1105-c33 position-relative\">\n              <!---->\n              <!---->\n              <div class=\"w-100 h-y-container h-column__content h-column__v-align flex-basis-100 align-self-lg-start align-self-md-start align-self-start\">\n                <!---->\n                <div data-colibri-id=\"1105-c34\" class=\"h-text h-text-component style-562 style-local-1105-c34 position-relative h-element\">\n                  <!---->\n                  <!---->\n                  <div class=\"\">\n                    <p>Rating 5 A \/ 55 B\n                      <br>L\u00f6scheinheiten 1\n                      <br>Temp.-Bereich -20\u00b0 bis +60 \u00b0C\n                      <br>H\u00f6he 358 mm\n                      <br>Breite 170 mm\n                      <br>Tiefe 145 mm\n                      <br>Gewicht 3.8 kg\n                      <br>DIN Norm EN 3-7<\/p>\n                  <\/div>\n                <\/div>\n              <\/div>\n            <\/div>\n          <\/div>\n        <\/div>\n      <\/div>\n      <div data-colibri-id=\"1105-c35\" class=\"h-row-container gutters-row-lg-2 gutters-row-md-2 gutters-row-0 gutters-row-v-lg-2 gutters-row-v-md-2 gutters-row-v-2 style-771 style-local-1105-c35 position-relative\">\n        <!---->\n        <div class=\"h-row justify-content-lg-center justify-content-md-center justify-content-center align-items-lg-stretch align-items-md-stretch align-items-stretch gutters-col-lg-2 gutters-col-md-2 gutters-col-0 gutters-col-v-lg-2 gutters-col-v-md-2 gutters-col-v-2\">\n          <!---->\n          <div class=\"h-column h-column-container d-flex h-col-lg-auto h-col-md-auto h-col-auto style-772-outer style-local-1105-c36-outer\">\n            <div data-colibri-id=\"1105-c36\" class=\"d-flex h-flex-basis h-column__inner h-px-lg-2 h-px-md-2 h-px-2 v-inner-lg-2 v-inner-md-2 v-inner-2 style-772 style-local-1105-c36 position-relative\">\n              <!---->\n              <!---->\n              <div class=\"w-100 h-y-container h-column__content h-column__v-align flex-basis-100 align-self-lg-start align-self-md-start align-self-start\">\n                <!---->\n                <div data-colibri-id=\"1105-c37\" class=\"h-text h-text-component style-566 style-local-1105-c37 position-relative h-element\">\n                  <!---->\n                  <!---->\n                  <div class=\"\">\n                    <p>Diese handlichen Schauml\u00f6scher sind die ideale L\u00f6sung bei Entstehungsbr\u00e4nden der Brandklassen A und B im Haushalt. Aufgrund der geringen spezifischen Dichte sind wasserfilmbildende Schaummittel in der Lage, auf Oberfl\u00e4chen von brennenden\n                      Fl\u00fcssigkeiten, eine geschlossenen dampfdichten und w\u00e4ssrigen Film zu bilden. Diese Sperrschicht verhindert den Austritt von D\u00e4mpfen und Gasen und behindert dar\u00fcber hinaus noch die Sauerstoffzufuhr zum Brandgut. Das Feuer wird also\n                      erstickt. Bei Objekten der Brandklasse A erzielt der Schaum eine gas- dichte Schicht, die ebenfalls das Feuer erstickt. Zudem hat Schaum aufgrund seines Wasseranteils einen k\u00fchlenden Effekt. Der Schaum l\u00e4sst sich sp\u00e4ter gut entfernen.\n                      Durch einen deutlich verringerten Fluoranteil sind diese Jockel-Bio- Sch\u00e4ume bedeutend umweltfreundlicher. Selbstverst\u00e4ndlich verzichtet Jockel auf Schaumkonzentrat mit Perfluoroctansulfonat (PFOS) und Perfluoroctans\u00e4ure (PFOA).\n                      Dank einer optimierten Rezeptur, der Erh\u00f6hung der l\u00f6schaktiven Substanzen und der Fein- abstimmung \u00fcberzeugen die Hochleistungs-Bio- Sch\u00e4ume mit einer noch schlagkr\u00e4ftigeren L\u00f6schwirkung.<\/p>\n                    <h3><strong>Schaum&nbsp;Feuerl\u00f6scher, die Allrounder mit wenig Verschmutzung im Haushalt<\/strong><\/h3>\n                    <p><strong style=\"font-weight: 700;\">Schaum&nbsp;Feuerl\u00f6scher&nbsp;2&nbsp;Liter SF2JM5<\/strong>&nbsp;f\u00fcr den Haushalt, sind unsere kleinen Allrounder unter den L\u00f6schger\u00e4ten. Aufgrund ihres gro\u00dfen Einsatzspektrums in den Brandklassen A\n                      und B sind sie die ideale L\u00f6sung insbesondere auf Fahrzeugen und Booten oder im Campingbereich. Unsere Schauml\u00f6scher sind mit Hochleistungsl\u00f6schmittel bef\u00fcllt. Ein&nbsp;2&nbsp;Liter Ger\u00e4t erreicht das obere Ende der Ratingskala mit&nbsp;1\n                      LE.<\/p>\n                    <h3><strong>L\u00f6schwirkung<\/strong><\/h3>\n                    <p><span style=\"font-size: 12pt;\">Diese handlichen Schauml\u00f6scher f\u00fcr den Haushalt sind die ideale L\u00f6sung bei Entstehungsbr\u00e4nden der Brandklassen A und B. Aufgrund der geringen spezifischen Dichte sind wasserfilmbildende Schaummittel in der Lage, auf Oberfl\u00e4chen von brennenden Fl\u00fcssigkeiten, eine geschlossenen dampfdichten und w\u00e4ssrigen Film zu bilden. Diese Sperrschicht verhindert den Austritt von D\u00e4mpfen und Gasen und behindert dar\u00fcber hinaus noch die Sauerstoffzufuhr zum Brandgut. Das Feuer wird also erstickt. Bei Objekten der Brandklasse A erzielt der Schaum eine gasdichte Schicht, die ebenfalls das Feuer erstickt. Zudem hat Schaum aufgrund seines Wasseranteils einen k\u00fchlenden Effekt. Der Schaum l\u00e4sst sich sp\u00e4ter gut entfernen. <\/span><\/p>\n                    <h3><strong>Mehr Leistung geht nicht in der Gr\u00f6sse!<\/strong><\/h3>\n                    <p>Dank einer laufend optimierten Rezeptur, der Erh\u00f6hung der l\u00f6schaktiven Substanzen und der Feinabstimmung \u00fcberzeugen die Hochleistungs-Bio-Sch\u00e4ume mit einer noch schlagkr\u00e4ftigeren L\u00f6schwirkung.<\/p>\n                    <h3><strong>Einsatzbereiche<\/strong><\/h3>\n                    <p>z.B. Haushalt, Fahrzeuge, Boote, Camper, Wohnwagen<\/p>\n                  <\/div>\n                <\/div>\n              <\/div>\n            <\/div>\n          <\/div>\n        <\/div>\n      <\/div>\n    <\/div>\n  <\/div>\n<\/div>","protected":false},"excerpt":{"rendered":"<p>Made in Deutschland bei Jockel Sehr gute L\u00f6schleistung Geeignet f\u00fcr feste, glutbildende und fl\u00fcssige bzw. fl\u00fcssig werdende Stoffe Preiswerter L\u00f6schmitteltausch Optimale Handhabung Einheitliches Bedienungskonzept Hochleistungsl\u00f6schmittel Froststicher Gezielte L\u00f6schmitteldosierung Kunststoffarmatur Einfach zu bet\u00e4tigen Gut gekennzeichnete Bedienelemente Ergonomischer Handgriff Drehbar in Halterung Komfortable Aufbewahrung Schnelle Betriebsbereitschaft Stabiler Drahthalter Rating 5 A \/ 55 B L\u00f6scheinheiten 1 Temp.-Bereich [&hellip;]<\/p>\n","protected":false},"author":3,"featured_media":0,"parent":1103,"menu_order":1,"comment_status":"closed","ping_status":"closed","template":"page-templates\/full-width-page.php","meta":{"footnotes":""},"class_list":["post-1105","page","type-page","status-publish","hentry"],"aioseo_notices":[],"_links":{"self":[{"href":"https:\/\/www.schaum-feuerloescher.ch\/index.php\/wp-json\/wp\/v2\/pages\/1105","targetHints":{"allow":["GET"]}}],"collection":[{"href":"https:\/\/www.schaum-feuerloescher.ch\/index.php\/wp-json\/wp\/v2\/pages"}],"about":[{"href":"https:\/\/www.schaum-feuerloescher.ch\/index.php\/wp-json\/wp\/v2\/types\/page"}],"author":[{"embeddable":true,"href":"https:\/\/www.schaum-feuerloescher.ch\/index.php\/wp-json\/wp\/v2\/users\/3"}],"replies":[{"embeddable":true,"href":"https:\/\/www.schaum-feuerloescher.ch\/index.php\/wp-json\/wp\/v2\/comments?post=1105"}],"version-history":[{"count":6,"href":"https:\/\/www.schaum-feuerloescher.ch\/index.php\/wp-json\/wp\/v2\/pages\/1105\/revisions"}],"predecessor-version":[{"id":1252,"href":"https:\/\/www.schaum-feuerloescher.ch\/index.php\/wp-json\/wp\/v2\/pages\/1105\/revisions\/1252"}],"up":[{"embeddable":true,"href":"https:\/\/www.schaum-feuerloescher.ch\/index.php\/wp-json\/wp\/v2\/pages\/1103"}],"wp:attachment":[{"href":"https:\/\/www.schaum-feuerloescher.ch\/index.php\/wp-json\/wp\/v2\/media?parent=1105"}],"curies":[{"name":"wp","href":"https:\/\/api.w.org\/{rel}","templated":true}]}}