{"id":1113,"date":"2020-11-25T08:21:42","date_gmt":"2020-11-25T07:21:42","guid":{"rendered":"https:\/\/www.schaum-feuerloescher.ch\/?page_id=1113"},"modified":"2022-10-16T12:13:01","modified_gmt":"2022-10-16T11:13:01","slug":"haushalts-schaum-feuerloescher-9-liter-frostsicher","status":"publish","type":"page","link":"https:\/\/www.schaum-feuerloescher.ch\/index.php\/einsatzmoeglichkeiten\/haushalts-feuerloescher\/haushalts-schaum-feuerloescher-9-liter-frostsicher\/","title":{"rendered":"Schaum-Feuerl\u00f6scher 9 Liter Frostsicher f\u00fcr den Haushalt"},"content":{"rendered":"<div data-colibri-id=\"1113-c1\" class=\"style-658 style-local-1113-c1 position-relative\">\n  <!---->\n  <div data-colibri-component=\"section\" data-colibri-id=\"1113-c2\" id=\"initial-content\" class=\"h-section h-section-global-spacing d-flex align-items-lg-center align-items-md-center align-items-center style-659 style-local-1113-c2 position-relative\">\n    <!---->\n    <!---->\n    <div class=\"h-section-grid-container h-section-boxed-container\">\n      <!---->\n      <div data-colibri-id=\"1113-c3\" class=\"h-row-container gutters-row-lg-2 gutters-row-md-2 gutters-row-0 gutters-row-v-lg-2 gutters-row-v-md-2 gutters-row-v-2 style-660 style-local-1113-c3 position-relative\">\n        <!---->\n        <div class=\"h-row justify-content-lg-center justify-content-md-center justify-content-center align-items-lg-stretch align-items-md-stretch align-items-stretch gutters-col-lg-2 gutters-col-md-2 gutters-col-0 gutters-col-v-lg-2 gutters-col-v-md-2 gutters-col-v-2\">\n          <!---->\n          <div class=\"h-column h-column-container d-flex h-col-lg-6 h-col-md-6 h-col-12 style-661-outer style-local-1113-c4-outer\">\n            <div data-colibri-id=\"1113-c4\" class=\"d-flex h-flex-basis h-column__inner h-px-lg-2 h-px-md-2 h-px-2 v-inner-lg-2 v-inner-md-2 v-inner-2 style-661 style-local-1113-c4 position-relative\">\n              <!---->\n              <!---->\n              <div class=\"w-100 h-y-container h-column__content h-column__v-align flex-basis-100 align-self-lg-start align-self-md-start align-self-start\">\n                <!---->\n                <div data-colibri-id=\"1113-c5\" class=\"d-block style-662 style-local-1113-c5 position-relative h-element\">\n                  <!---->\n                  <div class=\"h-image__frame-container-outer\">\n                    <div class=\"h-image__frame-container\">\n                      <!---->\n                      <!---->\n                      <img loading=\"lazy\" decoding=\"async\" width=\"345\" height=\"600\" src=\"https:\/\/www.schaum-feuerloescher.ch\/wp-content\/uploads\/2020\/11\/cropped-SB9817400-2-1.jpg\" class=\"wp-image-1170 style-662-image style-local-1113-c5-image\" alt=\"S9FJX34\" srcset=\"https:\/\/www.schaum-feuerloescher.ch\/wp-content\/uploads\/2020\/11\/cropped-SB9817400-2-1.jpg 345w, https:\/\/www.schaum-feuerloescher.ch\/wp-content\/uploads\/2020\/11\/cropped-SB9817400-2-1-173x300.jpg 173w\" sizes=\"auto, (max-width: 345px) 100vw, 345px\" \/>\n                      <div class=\"h-image__frame h-hide-lg h-hide-md h-hide-sm style-662-frameImage style-local-1113-c5-frameImage\"><\/div>\n                    <\/div>\n                  <\/div>\n                <\/div>\n              <\/div>\n            <\/div>\n          <\/div>\n        <\/div>\n      <\/div>\n    <\/div>\n  <\/div>\n  <div data-colibri-component=\"section\" data-colibri-id=\"1113-c6\" id=\"custom-2\" class=\"h-section h-section-global-spacing d-flex align-items-lg-center align-items-md-center align-items-center style-668 style-local-1113-c6 position-relative\">\n    <!---->\n    <!---->\n    <div class=\"h-section-grid-container h-section-boxed-container\">\n      <!---->\n      <div data-colibri-id=\"1113-c7\" class=\"h-row-container gutters-row-lg-2 gutters-row-md-2 gutters-row-0 gutters-row-v-lg-2 gutters-row-v-md-2 gutters-row-v-2 style-669 style-local-1113-c7 position-relative\">\n        <!---->\n        <div class=\"h-row justify-content-lg-center justify-content-md-center justify-content-center align-items-lg-stretch align-items-md-stretch align-items-stretch gutters-col-lg-2 gutters-col-md-2 gutters-col-0 gutters-col-v-lg-2 gutters-col-v-md-2 gutters-col-v-2\">\n          <!---->\n          <div class=\"h-column h-column-container d-flex h-col-lg-auto h-col-md-auto h-col-auto style-670-outer style-local-1113-c8-outer\">\n            <div data-colibri-id=\"1113-c8\" class=\"d-flex h-flex-basis h-column__inner h-px-lg-2 h-px-md-2 h-px-2 v-inner-lg-2 v-inner-md-2 v-inner-2 style-670 style-local-1113-c8 position-relative\">\n              <!---->\n              <!---->\n              <div class=\"w-100 h-y-container h-column__content h-column__v-align flex-basis-100 align-self-lg-start align-self-md-start align-self-start\">\n                <!---->\n                <div data-colibri-id=\"1113-c9\" class=\"h-text h-text-component style-671 style-local-1113-c9 position-relative h-element\">\n                  <!---->\n                  <!---->\n                  <div class=\"\">\n                    <p>Der Feuerl\u00f6scher der auch im Freien gelagert werden kann, bis -25 Grad<\/p>\n                  <\/div>\n                <\/div>\n              <\/div>\n            <\/div>\n          <\/div>\n        <\/div>\n      <\/div>\n      <div data-colibri-id=\"1113-c10\" class=\"h-row-container gutters-row-lg-2 gutters-row-md-2 gutters-row-0 gutters-row-v-lg-2 gutters-row-v-md-2 gutters-row-v-2 style-679 style-local-1113-c10 position-relative\">\n        <!---->\n        <div class=\"h-row justify-content-lg-center justify-content-md-center justify-content-center align-items-lg-stretch align-items-md-stretch align-items-stretch gutters-col-lg-2 gutters-col-md-2 gutters-col-0 gutters-col-v-lg-2 gutters-col-v-md-2 gutters-col-v-2\">\n          <!---->\n          <div class=\"h-column h-column-container d-flex h-col-lg-auto h-col-md-auto h-col-auto style-680-outer style-local-1113-c11-outer\">\n            <div data-colibri-id=\"1113-c11\" class=\"d-flex h-flex-basis h-column__inner h-px-lg-2 h-px-md-2 h-px-2 v-inner-lg-2 v-inner-md-2 v-inner-2 style-680 style-local-1113-c11 position-relative\">\n              <!---->\n              <!---->\n              <div class=\"w-100 h-y-container h-column__content h-column__v-align flex-basis-100 align-self-lg-start align-self-md-start align-self-start\">\n                <!---->\n                <div data-colibri-id=\"1113-c12\" class=\"h-text h-text-component style-682 style-local-1113-c12 position-relative h-element\">\n                  <!---->\n                  <!---->\n                  <div class=\"\">\n                    <p>Haushalts Feuerl\u00f6scher 9 Liter S9FJ34\n                      <br>Beste L\u00f6schleistung mit Bioschaum\n                      <br>Geeignet f\u00fcr feste, glutbildende und fl\u00fcssige bzw. fl\u00fcssig werdende Stoffe\n                      <br>Preiswerter L\u00f6schmitteltausch\n                      <br>Optimale Handhabung\n                      <br>Einheitliches Bedienungskonzept\n                      <br>Hochleistungsl\u00f6schmittel\n                      <br>Wartungsfreundlich<\/p>\n                  <\/div>\n                <\/div>\n              <\/div>\n            <\/div>\n          <\/div>\n          <div class=\"h-column h-column-container d-flex h-col-lg-auto h-col-md-auto h-col-auto style-681-outer style-local-1113-c13-outer\">\n            <div data-colibri-id=\"1113-c13\" class=\"d-flex h-flex-basis h-column__inner h-px-lg-2 h-px-md-2 h-px-2 v-inner-lg-2 v-inner-md-2 v-inner-2 style-681 style-local-1113-c13 position-relative\">\n              <!---->\n              <!---->\n              <div class=\"w-100 h-y-container h-column__content h-column__v-align flex-basis-100 align-self-lg-start align-self-md-start align-self-start\">\n                <!---->\n                <div data-colibri-id=\"1113-c14\" class=\"h-text h-text-component style-683 style-local-1113-c14 position-relative h-element\">\n                  <!---->\n                  <!---->\n                  <div class=\"\">\n                    <p>Gezielte L\u00f6schmitteldosierung\n                      <br>Ergonomische L\u00f6schpistole\n                      <br>Einfach zu bet\u00e4tigen\n                      <br>Gekennzeichnete Bedienelemente\n                      <br>Praktischer Handgriff\n                      <br>Drehbare L\u00f6schpistole\n                      <br>Komfortable Schlauchf\u00fchrung\n                      <br>Schnelle Betriebsbereitschaft\n                      <br>Stabiler Fussring<\/p>\n                  <\/div>\n                <\/div>\n              <\/div>\n            <\/div>\n          <\/div>\n          <div class=\"h-column h-column-container d-flex h-col-lg-auto h-col-md-auto h-col-auto style-684-outer style-local-1113-c15-outer\">\n            <div data-colibri-id=\"1113-c15\" class=\"d-flex h-flex-basis h-column__inner h-px-lg-2 h-px-md-2 h-px-2 v-inner-lg-2 v-inner-md-2 v-inner-2 style-684 style-local-1113-c15 position-relative\">\n              <!---->\n              <!---->\n              <div class=\"w-100 h-y-container h-column__content h-column__v-align flex-basis-100 align-self-lg-start align-self-md-start align-self-start\">\n                <!---->\n                <div data-colibri-id=\"1113-c16\" class=\"h-text h-text-component style-685 style-local-1113-c16 position-relative h-element\">\n                  <!---->\n                  <!---->\n                  <div class=\"\">\n                    <p>Rating 34 A \/ 183 B\n                      <br>L\u00f6scheinheiten 10\n                      <br>Temp.-Bereich -25\u00b0 bis +60 \u00b0C\n                      <br>H\u00f6he 560 mm\n                      <br>Breite 280 mm\n                      <br>Tiefe 170 mm\n                      <br>Gewicht 14.9 kg ohne Schachtel\n                      <br>Inklusive Wandhalterung\n                      <br>VKF Nr. 26195<\/p>\n                  <\/div>\n                <\/div>\n              <\/div>\n            <\/div>\n          <\/div>\n        <\/div>\n      <\/div>\n      <div data-colibri-id=\"1113-c17\" class=\"h-row-container gutters-row-lg-2 gutters-row-md-2 gutters-row-0 gutters-row-v-lg-2 gutters-row-v-md-2 gutters-row-v-2 style-686 style-local-1113-c17 position-relative\">\n        <!---->\n        <div class=\"h-row justify-content-lg-center justify-content-md-center justify-content-center align-items-lg-stretch align-items-md-stretch align-items-stretch gutters-col-lg-2 gutters-col-md-2 gutters-col-0 gutters-col-v-lg-2 gutters-col-v-md-2 gutters-col-v-2\">\n          <!---->\n          <div class=\"h-column h-column-container d-flex h-col-lg-auto h-col-md-auto h-col-auto style-687-outer style-local-1113-c18-outer\">\n            <div data-colibri-id=\"1113-c18\" class=\"d-flex h-flex-basis h-column__inner h-px-lg-2 h-px-md-2 h-px-2 v-inner-lg-2 v-inner-md-2 v-inner-2 style-687 style-local-1113-c18 position-relative\">\n              <!---->\n              <!---->\n              <div class=\"w-100 h-y-container h-column__content h-column__v-align flex-basis-100 align-self-lg-start align-self-md-start align-self-start\">\n                <!---->\n                <div data-colibri-id=\"1113-c19\" class=\"h-text h-text-component style-675 style-local-1113-c19 position-relative h-element\">\n                  <!---->\n                  <!---->\n                  <div class=\"\">\n                    <p>Vor allem im Bereich, wo Alkohole und Alkoholmischungen zum Einsatz kommen, aber auch in medizinischen Einrichtungen, in denen beispielsweise Desinfektionsmittel gelagert werden, muss dem Brandschutz mit differenzierteren L\u00f6sungen\n                      begegnet werden. Der Jockel-Schaum JoMix AB-AR ist ein alkoholbest\u00e4ndiger Schaum, welcher auch zum L\u00f6schen von polaren Br\u00e4nden besonders geeignet ist. Und nat\u00fcrlich \u00fcberall da, wo Frost zu bef\u00fcrchten ist, das kann auch im Gartenhaus\n                      im Haushalt sein.<\/p>\n                    <p>L\u00f6schwirkung bei polaren Br\u00e4nden: Damit der L\u00f6schschaum nicht durch den brennenden Alkohol zerst\u00f6rt wird, bildet dieser einen Polymerfilm zwischen dem Brandgut und dem L\u00f6schschaum. Durch die so entstehende geschlossene und sauerstoffhemmende\n                      Schaumdecke kann der Schaum seine L\u00f6schwirkung voll entfalten. F\u00fcr ein optimales Ergebnis ist die Abstimmung von L\u00f6schmittel und L\u00f6scher entscheidend. Nur bei sanfter Schaumausgabe durch die L\u00f6schd\u00fcse kann sich ein stabiler zusammenh\u00e4ngender\n                      Polymerfilm bilden, welcher f\u00fcr einen erfolgreichen L\u00f6scheinsatz entscheidend ist. Auch im Haushalt einer der st\u00e4rksten Schauml\u00f6scher.<\/p>\n                    <p>Diese handlichen Schauml\u00f6scher f\u00fcr den Haushalt sind die ideale L\u00f6sung bei Entstehungsbr\u00e4nden der Brandklassen A und B. Aufgrund der geringen spezifischen Dichte sind wasserfilmbildende Schaummittel in der Lage, auf Oberfl\u00e4chen von\n                      brennenden Fl\u00fcssigkeiten , einen geschlossenen, dampfdichten und w\u00e4ssrigen Film zu bilden. Diese Sperrschicht verhindert den Austritt von D\u00e4mpfen und Gasen und behindert dar\u00fcber hinaus noch die Sauerstoffzufuhr zum Brandgut.<\/p>\n                    <p>Das Feuer wird erstickt. Bei der Brandklasse A erzielt der Schaum eine gas-dichte Schicht, die ebenfalls das Feuer erstickt. Zudem hat Schaum aufgrund seines Wasseranteils einen k\u00fchlenden Effekt. Der Schaum l\u00e4sst sich sp\u00e4ter gut entfernen.<\/p>\n                    <p>Durch einen deutlich verringerten Fluoranteil sind diese Sch\u00e4ume bedeutend umweltfreundlicher. Nat\u00fcrlich verzichtet Jockel auf Schaumkonzentrat mit Perfluoroctansulfonat (PFOS) und Perfluoroctans\u00e4ure (PFOA). Dank einer optimierten\n                      Rezeptur, der Erh\u00f6hung der l\u00f6schaktiven Substanzen und der Feinabstimmung \u00fcberzeugen die Hochleistungs-Sch\u00e4ume mit einer noch schlagkr\u00e4ftigeren L\u00f6schwirkung.<\/p>\n                    <p>\n                      <br>\n                    <\/p>\n                  <\/div>\n                <\/div>\n              <\/div>\n            <\/div>\n          <\/div>\n        <\/div>\n      <\/div>\n      <div data-colibri-id=\"1113-c20\" class=\"h-row-container gutters-row-lg-2 gutters-row-md-2 gutters-row-0 gutters-row-v-lg-2 gutters-row-v-md-2 gutters-row-v-2 style-690 style-local-1113-c20 position-relative\">\n        <!---->\n        <div class=\"h-row justify-content-lg-center justify-content-md-center justify-content-center align-items-lg-stretch align-items-md-stretch align-items-stretch gutters-col-lg-2 gutters-col-md-2 gutters-col-0 gutters-col-v-lg-2 gutters-col-v-md-2 gutters-col-v-2\">\n          <!---->\n          <div class=\"h-column h-column-container d-flex h-col-lg-auto h-col-md-auto h-col-auto style-691-outer style-local-1113-c21-outer\">\n            <div data-colibri-id=\"1113-c21\" class=\"d-flex h-flex-basis h-column__inner h-px-lg-2 h-px-md-2 h-px-2 v-inner-lg-2 v-inner-md-2 v-inner-2 style-691 style-local-1113-c21 position-relative\">\n              <!---->\n              <!---->\n              <div class=\"w-100 h-y-container h-column__content h-column__v-align flex-basis-100 align-self-lg-start align-self-md-start align-self-start\">\n                <!---->\n                <div data-colibri-id=\"1113-c22\" class=\"h-x-container style-688 style-local-1113-c22 position-relative h-element\">\n                  <!---->\n                  <div class=\"h-x-container-inner style-dynamic-1113-c22-group style-688-spacing style-local-1113-c22-spacing\"><span class=\"h-button__outer style-689-outer style-local-1113-c23-outer d-inline-flex h-element\"><a h-use-smooth-scroll=\"true\" href=\"https:\/\/www.schweizer-brandschutz.ch\/Haushalts-Feuerloescher\"  data-colibri-id=\"1113-c23\" class=\"d-flex w-100 align-items-center h-button justify-content-lg-center justify-content-md-center justify-content-center style-689 style-local-1113-c23 position-relative\"><!----><!----> <span>Hier gehts zum Online Shop<\/span><\/a>\n                    <\/span>\n                  <\/div>\n                <\/div>\n              <\/div>\n            <\/div>\n          <\/div>\n        <\/div>\n      <\/div>\n    <\/div>\n  <\/div>\n<\/div>","protected":false},"excerpt":{"rendered":"<p>Der Feuerl\u00f6scher der auch im Freien gelagert werden kann, bis -25 Grad Haushalts Feuerl\u00f6scher 9 Liter S9FJ34 Beste L\u00f6schleistung mit Bioschaum Geeignet f\u00fcr feste, glutbildende und fl\u00fcssige bzw. fl\u00fcssig werdende Stoffe Preiswerter L\u00f6schmitteltausch Optimale Handhabung Einheitliches Bedienungskonzept Hochleistungsl\u00f6schmittel Wartungsfreundlich Gezielte L\u00f6schmitteldosierung Ergonomische L\u00f6schpistole Einfach zu bet\u00e4tigen Gekennzeichnete Bedienelemente Praktischer Handgriff Drehbare L\u00f6schpistole Komfortable Schlauchf\u00fchrung Schnelle [&hellip;]<\/p>\n","protected":false},"author":3,"featured_media":0,"parent":1103,"menu_order":4,"comment_status":"closed","ping_status":"closed","template":"page-templates\/full-width-page.php","meta":{"footnotes":""},"class_list":["post-1113","page","type-page","status-publish","hentry"],"aioseo_notices":[],"_links":{"self":[{"href":"https:\/\/www.schaum-feuerloescher.ch\/index.php\/wp-json\/wp\/v2\/pages\/1113","targetHints":{"allow":["GET"]}}],"collection":[{"href":"https:\/\/www.schaum-feuerloescher.ch\/index.php\/wp-json\/wp\/v2\/pages"}],"about":[{"href":"https:\/\/www.schaum-feuerloescher.ch\/index.php\/wp-json\/wp\/v2\/types\/page"}],"author":[{"embeddable":true,"href":"https:\/\/www.schaum-feuerloescher.ch\/index.php\/wp-json\/wp\/v2\/users\/3"}],"replies":[{"embeddable":true,"href":"https:\/\/www.schaum-feuerloescher.ch\/index.php\/wp-json\/wp\/v2\/comments?post=1113"}],"version-history":[{"count":4,"href":"https:\/\/www.schaum-feuerloescher.ch\/index.php\/wp-json\/wp\/v2\/pages\/1113\/revisions"}],"predecessor-version":[{"id":1350,"href":"https:\/\/www.schaum-feuerloescher.ch\/index.php\/wp-json\/wp\/v2\/pages\/1113\/revisions\/1350"}],"up":[{"embeddable":true,"href":"https:\/\/www.schaum-feuerloescher.ch\/index.php\/wp-json\/wp\/v2\/pages\/1103"}],"wp:attachment":[{"href":"https:\/\/www.schaum-feuerloescher.ch\/index.php\/wp-json\/wp\/v2\/media?parent=1113"}],"curies":[{"name":"wp","href":"https:\/\/api.w.org\/{rel}","templated":true}]}}